 -2*j + 16. Suppose -2*p - 20 = 3*p. Let q = 6 + p. What is the remainder when j is divided by q?
1
Suppose 2*a = 2 + 2, -a = 4*g - 6. Suppose 4*w - 7 = g. Calculate the remainder when w is divided by 1.
0
Let o = 13 - -9. Suppose -5*v + 5*q = o + 103, -5*v - 155 = q. Let c = -16 - v. Calculate the remainder when c is divided by 8.
6
Suppose 3*x = 329 + 58. Calculate the remainder when x is divided by 26.
25
Suppose -3*i - 5*o - 22 = -6*i, 5*i + o = 46. Let p(d) = d**2 - 8*d + 12. What is the remainder when 40 is divided by p(i)?
19
Suppose 4*q + 5*a - 20 = 2*a, 4*q - 3*a = 44. Let u = 5 + -2. Suppose -2*h + u*l + 21 - 2 = 0, -h - 1 = -5*l. Calculate the remainder when h is divided by q.
6
Let h = 18 + 14. Suppose -g + 20 = -l, -2*l + 0*l = 2*g - h. Calculate the remainder when g is divided by 5.
3
Let h = 17 - 12. Suppose -4*c = -c + 3*i - 39, 14 = 2*c - i. What is the remainder when c is divided by h?
4
What is the remainder when (-8 - -7)/((-1)/12) is divided by 5?
2
Let q(n) = -n**3 - n**2 - n + 12. Suppose m + 2 = 3*m. Suppose 6 = a - m. Calculate the remainder when q(0) is divided by a.
5
Suppose 5*f = 292 - 37. Let y be (2 - 1) + (-2 - 1). What is the remainder when (-4)/y + 2 + f is divided by 19?
17
Suppose 19*r = 21*r - 6. Calculate the remainder when 7 is divided by r.
1
Let a = -12 - -14. What is the remainder when 43 is divided by a/4*30*1?
13
Let n(g) = g + 2. Let l be n(-2). Suppose l = -2*q - 39 - 53. What is the remainder when 20 is divided by q/(-6) + (-6)/9?
6
Suppose 3*c - 2 = 1. Calculate the remainder when (-1)/(-1) - (c + -14) is divided by 5.
4
Calculate the remainder when 87 is divided by (-186)/(-8) + 3/(-12).
18
Let p = -33 - -46. Calculate the remainder when p is divided by 7.
6
Suppose -4 = 2*v - 32. Calculate the remainder when 27 is divided by v.
13
Calculate the remainder when 3 is divided by 3 - -1 - 4/4.
0
Let g(a) = -a - 1. Let w be g(-5). Suppose -3*c + 5 = -4*y - 18, -5*c + w*y + 25 = 0. Calculate the remainder when 2 is divided by c.
0
Let z = -23 - -38. Suppose 0 = -3*p + p + 16. Calculate the remainder when (-264)/(-9) - 5/z is divided by p.
5
Suppose 361 = 4*v - 183. Suppose -5*u - 41 = -v. Suppose -22 = -2*c - 0*c. What is the remainder when u is divided by c?
8
Suppose -2*f = f - 15. Calculate the remainder when ((-28)/f)/(1/(-5)) is divided by 15.
13
Let x(p) = p**2 - 2*p - 6. Suppose a = 3*a - 68. Suppose o = -0*o + a. Calculate the remainder when o is divided by x(5).
7
Suppose 41 + 55 = -4*j. Let r = 63 + -33. Calculate the remainder when r is divided by (-2)/(((-9)/j)/(-3)).
14
Let j = -59 + 115. Calculate the remainder when j is divided by 29.
27
Calculate the remainder when 37 is divided by 4/(16/12) - -10.
11
Let m(v) = -v**3 + 5*v**2 - 6*v - 2. Let c(j) = -j**2 - j + 1. Let q(x) = 3*c(x) - m(x). Calculate the remainder when q(8) is divided by 15.
14
Suppose 0*y = y - 9. Let j(w) = -w**2 + 11*w - 12. What is the remainder when 23 is divided by j(y)?
5
Let n(f) = 3*f - 7. Let z be n(5). Let j = z - 6. Calculate the remainder when 6 is divided by j.
0
Suppose w = -4*f + 10, -3*f = 2*w - 2*f - 34. Suppose -63 = -5*u + 52. Let k = 12 + u. Calculate the remainder when k is divided by w.
17
Let t(p) = 5*p + 8. Let u(l) = 11*l + 16. Let r(m) = -7*t(m) + 3*u(m). Calculate the remainder when (-53 - 2)*(-2 - -1) is divided by r(-11).
13
Suppose 3*l + 128 = 4*v, 0 = 4*v + 2*l + 54 - 162. Let b = -21 + v. Suppose -2*x + b = -0*x. What is the remainder when 10 is divided by x?
2
Let l = -3 - -8. Suppose 2*g - l*n = -11, 0 = 3*g + n - 4*n + 3. Let f(b) = 2*b - 2. What is the remainder when g is divided by f(2)?
0
Suppose -284 = -5*o - 2*d, 0*d + 3*d = 2*o - 125. What is the remainder when o is divided by 12?
10
Let d = 11 - 32. Let m = -13 - d. Calculate the remainder when 31 is divided by m.
7
Let x = 58 + -41. Calculate the remainder when 63 is divided by x.
12
Suppose -3*u + 216 = 2*u + r, -3*u + r = -136. What is the remainder when u is divided by 12?
8
What is the remainder when 447/21 + (-4)/14 is divided by 8?
5
Suppose 0 = -2*z - 5*g + 12 + 6, 4*g - 12 = -z. Let k(w) = w**2 + w - 7. Calculate the remainder when k(-5) is divided by z.
1
Let c be (-2 + (-9)/(-6))*0. Let y(f) be the second derivative of f**5/20 + f**4/12 + f**3/6 + 4*f**2 - f. What is the remainder when 23 is divided by y(c)?
7
Suppose 3*g = -4*x + 2*x + 74, 0 = 4*g - 3*x - 93. Calculate the remainder when g is divided by 9.
6
Let p be 41/2 + (-1)/2. Let o = 63 - p. What is the remainder when o is divided by 2*(-13)/(-2) + 2?
13
Let v(k) = -k**2 - 4*k + 2. What is the remainder when 9 is divided by v(-4)?
1
Suppose w + r + 28 = 4*r, 0 = 4*w + 3*r + 37. Let u = 34 + w. What is the remainder when 40 is divided by u?
19
Let u be (1/(4/(-24)))/(-2). Suppose -208 = -u*r - 28. Calculate the remainder when r is divided by 21.
18
Suppose 2*f + 4*w - 6 = f, 0 = -f - 2*w + 4. Suppose 0*q + 4 = -f*q. Calculate the remainder when 10 is divided by 0 - (-4 + 4/q).
4
Let y(b) = -b**3 + b**2 + 2*b + 6. Let x be y(0). Suppose 0 = 3*j - 9 - x. Suppose 0*q + 15 = 5*q. Calculate the remainder when j is divided by q.
2
Suppose n = 4*q + 33 + 9, -160 = -3*n - 5*q. Let r(k) = 3*k**2 - 36*k - 22. Calculate the remainder when n is divided by r(13).
16
Let j = 201 - 74. Suppose 37 = -5*w + j. Calculate the remainder when 33 is divided by w.
15
Suppose -n + 3 = 3*j, j = 3*n - 8 - 31. What is the remainder when 118 is divided by n?
10
Let j be 0*(1 + 0/(-4)). Suppose -b + 13 = -0*r + 3*r, j = -3*b + 5*r - 17. Let z = -1 - -3. What is the remainder when z is divided by b?
0
Let x(g) = g**3 + 5*g**2 - g + 5. Let l be x(-5). Suppose -3*q = -2*q - l. What is the remainder when 2*(10 - (0 + 1)) is divided by q?
8
Suppose 4*j = 2*j + 62. Suppose 2*c - 3 = j. Calculate the remainder when c is divided by 6.
5
Suppose v = 3*d - 4, 5*v - 13 = 3*d + d. Suppose 58 = 5*q + 2*b, 4*q + d*b = -0 + 45. Calculate the remainder when 35 is divided by q.
11
Let u(c) = 2*c - 7. Let t(z) = -5*z + 15. Let n(f) = -3*t(f) - 7*u(f). Calculate the remainder when n(4) is divided by 3.
2
Suppose -4*f - t + 35 + 13 = 0, -2*f = -5*t - 24. What is the remainder when f is divided by 6?
0
Suppose -8 = 4*x - 6*x. Let q(k) = 2*k**2 + 3*k + 3. What is the remainder when q(-2) is divided by x?
1
Suppose -5*y + 3*s = -169 - 137, -4*y = -2*s - 246. What is the remainder when y is divided by 1/(2/(-128)*-4)?
15
Suppose -5*u + 8*u = 24. Suppose 3*x - w = u, -7*x + 5*x + 6 = -w. Suppose z - 4*g - 9 = -2*g, x*z = 2*g + 24. Calculate the remainder when z is divided by 8.
7
Let w(n) = n - 10. Let b be w(5). Let y = 9 + b. Let c = -5 + 8. Calculate the remainder when y is divided by c.
1
Suppose -53 = -4*i + 39. Calculate the remainder when 43 is divided by i.
20
Suppose -2*z = -4*z + 58. What is the remainder when z is divided by 8?
5
Let n = -3 + 12. What is the remainder when 16 is divided by (-3 - 0) + n*1?
4
Suppose 4*z + 0*z = -5*v - 16, -v = -4*z - 16. Suppose v*p = 2*p - 14. What is the remainder when 18 is divided by p?
4
Suppose 0*o - 12 = -2*o. Suppose -4*v - j = -109, 0*v - 2*j - 62 = -2*v. Calculate the remainder when v is divided by o.
4
Let n(c) = -c**3 + 6*c**2 - 5*c + 2. Calculate the remainder when 67 is divided by n(4).
11
Suppose -l = -5*b - 22, 0 = 2*l - 5*b + 4*b - 17. Calculate the remainder when l is divided by 4.
3
Suppose -8 = w - 5*k, 0*w - 3*w = -4*k + 2. Let z(q) = -4*q. Calculate the remainder when z(-1) is divided by w.
0
Suppose 0 = 3*m + 2 - 11. What is the remainder when 47 is divided by m?
2
Suppose -2*t = t - 2*c - 154, 2*t = -2*c + 116. Calculate the remainder when t is divided by 14.
12
Suppose 3*w + n - 430 = -2*w, -5*n - 286 = -3*w. What is the remainder when w is divided by 22?
21
Suppose -5*s + 22 = 4*b, 0*s + 2*s + 5 = 3*b. Suppose -5*d = -s*k - 68, -5*d + 25 = -k - 39. What is the remainder when 45 is divided by d?
9
Let j(z) = 2*z**3 - 3*z**2 - 4*z + 2. What is the remainder when 65 is divided by j(3)?
14
Let z(s) = -s**3 + 10*s**2 + 26*s - 17. Calculate the remainder when 19 is divided by z(12).
5
Suppose 1 = -5*f - 19. Suppose 0 = -2*z - 4 + 16. Let u = f + z. What is the remainder when 2 is divided by u?
0
Suppose -p = 5*s - 306, 0 = 2*s + 2*p - 0*p - 124. W